he remainder when -4*(d - (6 - 11)) is divided by y(-4).
28
Suppose 690 = 4*f - 2*w, 3*w + 15 = -2*w. Suppose 4*c - 175 = -3*c. What is the remainder when f is divided by c?
21
Suppose 0 = -s - 4, -129 = -0*r + 5*r + s. Let q = -5 - r. What is the remainder when 32 is divided by q?
12
Suppose 4*q - 33 = -2*z + z, 2*z = 3*q + 66. Suppose 2*x + 0 = -2*v + 8, 2*x - 2 = v. Let c = x + 10. Calculate the remainder when z is divided by c.
9
Let j = -144 + 149. Calculate the remainder when 13 is divided by j.
3
Let j = -758 + 793. Calculate the remainder when 1643 is divided by j.
33
Let g = 395 - 372. Suppose -h - 46 = -4*h + 5*b, -27 = -h + 4*b. What is the remainder when g is divided by h?
2
Suppose -2*j - 68 = -3*f + f, -2*f - 5*j + 82 = 0. Let h = 72 - f. Calculate the remainder when h is divided by ((-26)/4)/(1/(-2)).
10
Suppose 33 - 20 = a. Let l(c) = 6*c + 2. Let g be l(-5). Let h = g + 77. What is the remainder when h is divided by a?
10
Suppose 0*v = -5*v + 4*h + 5, 3*h + 5 = 4*v. Suppose 4 = -v*y - g + 61, -4*g - 36 = -2*y. What is the remainder when 33 is divided by y?
9
Let u = 50 + -14. Suppose -7*m = -21 + 7. Suppose -m*g + g = -69. What is the remainder when g is divided by u?
33
Let w(f) = -2*f - 5. Suppose -31*r = -23*r - 28 - 52. Calculate the remainder when r is divided by w(-7).
1
Suppose 240 = -60*j + 76*j. Calculate the remainder when 224 is divided by j.
14
Suppose 0 = -3*m + d + 96, 8 + 11 = m + 4*d. Calculate the remainder when m is divided by 18.
13
Let a = 239 - 224. What is the remainder when 71 is divided by a?
11
Let f(h) = -h + 5. Suppose -2*o + 30 = 2*u - 4*o, 3*u + 2*o = 40. Calculate the remainder when u is divided by f(-4).
5
Calculate the remainder when (10 - 0)*1/5 + 18 is divided by 27/3 - -1*2.
9
Let q(m) = 3*m + 4 + 3*m - 12*m + m. Let j be q(10). What is the remainder when 1 + -7 + 3 - j is divided by 22?
21
Let s = 15 + 405. Suppose -s = 27*w - 34*w. What is the remainder when w is divided by 21?
18
Let t(m) = 2*m + 3. Let b be t(0). Let o be (b/(-3) - 1)*-2. Suppose -4*x = 3 + 1, 94 = g + o*x. Calculate the remainder when g is divided by 25.
23
Let k be (20/3)/((-2)/(-6)). Let l = k - 6. Let v(h) = -7*h - 1. What is the remainder when v(-6) is divided by l?
13
Suppose 48 = 23*h - 11*h. Suppose q - 5*s = -4, h*q + 5*s - 28 = q. Calculate the remainder when 23 is divided by q.
5
Let w = 40 + -23. Calculate the remainder when 69 is divided by w/34 - (-70)/4.
15
Let p(l) = l**2 + l. Let s be p(-2). Suppose -2*j = -s - 0, 2*j - 194 = -3*y. What is the remainder when y is divided by 13?
12
Suppose -1077*u + 1085*u = 768. Calculate the remainder when u is divided by 34.
28
Let c = -9 + 21. Let y(a) = 24*a**2 - 37*a. What is the remainder when y(2) is divided by c?
10
Suppose 0 = -c + 196 - 126. Suppose -7*y = 7*y - c. What is the remainder when 16 is divided by y?
1
Suppose 4*y - 56 - 52 = 0. Let g(h) = 2*h - 24. Let q be g(14). Suppose -q*s + 21 = -7. Calculate the remainder when y is divided by s.
6
Let i = 281 + -173. Suppose m - 6 - 16 = 0. What is the remainder when i is divided by m?
20
Let d be (-2)/1*1*-85. Let u = d - 115. Let w(a) = a**3 - 5*a**2 - 7. What is the remainder when u is divided by w(6)?
26
Let q(j) = 5*j - 2. Let v be q(2). Suppose v = -w + 24. What is the remainder when (47/3)/((-5)/(-15)) is divided by w?
15
Suppose 0 = -53*t + 4564 + 6248. What is the remainder when t is divided by 69?
66
Suppose -79 - 77 = -26*r. What is the remainder when 388 is divided by r?
4
Let p(j) = j**3 - 5*j**2 - 7*j + 6. Let o be p(5). Let b = o - -64. Suppose 0 = -l + b + 5. Calculate the remainder when l is divided by 21.
19
Let n be (-8 + 15)*(-6)/7. Calculate the remainder when 65 is divided by -12*n/18*34/8.
14
Calculate the remainder when -2*10*-3 + (-5)/(-5) is divided by 7.
5
Suppose 8*u - 10*u + 188 = 0. What is the remainder when u is divided by 33?
28
Calculate the remainder when 84 is divided by ((-126)/12)/(-3)*10.
14
Let w = -374 - -644. Calculate the remainder when w is divided by 16.
14
Let r be 1 + 1 + (1 - 5). Let b(k) = k - 15. Let a(g) = -7. Let n(h) = r*b(h) + 5*a(h). Calculate the remainder when n(-6) is divided by 3.
1
Suppose 5*n = 10, 191 = -4*f - n - 35. Let r = f + 82. Suppose -5*h + q + 20 = -41, 2*h - 34 = -2*q. Calculate the remainder when r is divided by h.
12
Let a be (-1)/(4/(-3) + 1). Let w be 6/1 + 822/3. Suppose w = t + a*t. Calculate the remainder when t is divided by 18.
16
Suppose 123*n - 128*n = -230. What is the remainder when 319 is divided by n?
43
Suppose 9*v - 5*v - 16 = 0. Suppose 2*a = -3*m - 29, 5*m + 12 = m + v*a. Calculate the remainder when 7 is divided by 4/(-14) - 16/m.
1
Suppose 23*s + 682 = 2407. Calculate the remainder when s is divided by 17.
7
Suppose -3*a + 1892 = 5*g, -4*a + 2517 = -31*g + 32*g. Calculate the remainder when a is divided by 53.
46
Let i(k) = 3*k - 23. Calculate the remainder when 137 is divided by i(13).
9
Suppose 0 = g + 31 - 32. Let u = -13 + 50. What is the remainder when u is divided by ((-2)/(-1))/g*10?
17
Let j = 103 - 38. Suppose -1 = 2*z - j. What is the remainder when z is divided by 9?
5
Let y be ((-40)/(-30))/(2/54). Suppose 6*q - 48 = y. What is the remainder when 54 is divided by q?
12
Suppose -901*p + 883*p = -2196. Suppose -4 = 4*z, -5*u = z - 0*z - 104. Calculate the remainder when p is divided by u.
17
Let j = -499 - -594. What is the remainder when j is divided by 17?
10
Suppose 12 = u + f, u + 3*f = 8 + 12. Calculate the remainder when 414 is divided by u.
6
Calculate the remainder when 476 - (-3 + 0 + (-4)/(-4)) is divided by 60.
58
Suppose -2*q + 217 = f, -21 = 2*q + 4*f - 229. What is the remainder when q is divided by 8?
6
Let s(r) = r - 14. Let w be s(7). Let o(c) = c**3 + 7*c**2 + 5. Let l be o(w). Suppose 2*x = 21 + l. Calculate the remainder when 48 is divided by x.
9
Let f = -43 + 65. What is the remainder when 109 is divided by f?
21
Suppose -2*i = 4*v - 18, 8*v = 5*i + 4*v - 101. Calculate the remainder when 220 is divided by i.
16
Calculate the remainder when 452 is divided by 450/8 + 9/12.
53
Suppose 2*y - 7 = 5*o + 56, y - 3*o - 33 = 0. Calculate the remainder when (8/(-5))/((-4)/170) is divided by y.
20
Let f(b) = 4*b**2 - 56*b + 134. What is the remainder when f(19) is divided by 74?
70
Let l(n) = 20*n**2 + 6*n + 5. What is the remainder when l(-4) is divided by 34?
29
Suppose -5*h + 1639 = 1004. What is the remainder when h is divided by 63?
1
Let r = -20 - -23. Suppose 4*m - 6*m + 62 = 2*n, 0 = -r*m. Suppose 6*i - 151 = -n. Calculate the remainder when i is divided by 12.
8
Suppose 3*m = 4*g - 10, 3*g = 4*m + 1 + 3. Suppose 48 = 5*x - m*x. What is the remainder when 62 is divided by x?
14
Let o(a) = -48*a + 230. Calculate the remainder when 79 is divided by o(4).
3
Suppose -11*o = -15*o + 5*m + 198, -57 = -o + 5*m. What is the remainder when o is divided by 19?
9
Let n(s) = -s**3 + 23*s**2 - 40*s - 16. Calculate the remainder when 101 is divided by n(21).
23
Let x = 15 + -7. Suppose 2*b = 3*f - 2*f - 10, -x = -f + 3*b. Calculate the remainder when 37 is divided by f.
9
Suppose 2 = -2*q + 4*n + 14, -13 = -2*q + 3*n. Suppose 3*d = -c - q, -8 = 3*c + 8*d - 3*d. What is the remainder when 13 is divided by c?
1
Let s = 6 - 3. Suppose s*u - 14 = -5. Calculate the remainder when 12 is divided by u.
0
Let d(m) = 13*m + 21. Calculate the remainder when d(9) is divided by 47.
44
What is the remainder when 102 + ((-6)/4 - 72/(-16)) is divided by 60?
45
Suppose 0 = 2*v + 5*l + 21, 6*v = v + l - 39. Calculate the remainder when 39 is divided by 4/(((-20)/v)/5).
7
Let q = -400 - -422. Suppose 4*z - 5 = 5*k, 2*k = -2*z - 3*k - 5. Suppose 3*c - 5*u + 3 = 1, -5*c + 5*u + 10 = z. What is the remainder when q is divided by c?
4
Suppose -409 = -7*b + 270. Suppose 6*p - 185 - b = 0. Calculate the remainder when p is divided by 12.
11
Let t(c) = 4*c**3 + c - 2. Suppose 3*n = 3*h - 30, 23 = 2*h + n - 0*n. What is the remainder when t(2) is divided by h?
10
Suppose 60 = 12*g - 8*g. Suppose -14*f = -15*f + g. Let m(i) = i**3 - 3*i**2 + 4*i - 6. Calculate the remainder when f is divided by m(3).
3
Let d = -75 - -89. Let q(k) = 7*k**2 - 2*k - 1. Calculate the remainder when d is divided by q(-1).
6
What is the remainder wh